mon factor of n and 6?
6
Suppose 45 = 4*j + 5*q - 32, -5*q - 107 = -4*j. What is the highest common factor of 1219 and j?
23
Suppose 926 + 859 = 3*f. Let a = 1 + 3. Suppose a*s = 9*s - f. Calculate the greatest common factor of 17 and s.
17
Let m = 57 + -54. Suppose 4*a = -3*k + 417, -3*a - 8*k = -m*k - 321. What is the greatest common factor of a and 68?
34
Suppose 4*t + 432 = 5*v, 2*t + t + 9 = 0. Let x = 93 - v. Calculate the greatest common divisor of 144 and x.
9
Let z = 7 - 4. Let u be (4/2 + -1)*z. Let b(q) = q**2 - 6*q + 8. Let w be b(8). Calculate the highest common divisor of u and w.
3
Let o = 61 - 54. Suppose -4*d + 29 = -o. Let z(a) = a - 3. Let b be z(6). What is the highest common factor of b and d?
3
Let z be 2/5 - 4653/(-55). Suppose -5*g - 5*y + z = 0, -2*g - y + 39 = 1. Calculate the highest common factor of 168 and g.
21
Let v(l) = 13*l + 45. Let y(g) = 4*g + 15. Let a(c) = -4*v(c) + 11*y(c). Let n be a(-6). Suppose 7*b = 51 + n. What is the greatest common factor of b and 84?
12
Let t(o) = -17*o**2 + 3*o - 2. Let k(h) = 34*h**2 - 7*h + 5. Let d(f) = -2*k(f) - 5*t(f). Let b be d(-1). What is the greatest common factor of 27 and b?
9
Let i(z) = 32*z**2 + 10*z - 22. Let n be i(2). What is the highest common divisor of 98 and n?
14
Suppose -3*x - i = 4*i + 53, -4*x + 2*i = 88. Let m = -14 - x. Calculate the highest common divisor of m and 14.
7
Suppose -3 + 1 = -2*k. Suppose 2*d - k = -35. Let j be (-2)/5*-5 - d. What is the greatest common divisor of j and 19?
19
Let s = 26 - 14. Suppose 5*k = 6*k - s. Calculate the highest common factor of k and 72.
12
Let y(m) = 22*m - 142. Let d be y(10). Calculate the greatest common divisor of 6 and d.
6
Suppose -87*u + 91*u - 4068 = 0. Calculate the highest common factor of u and 452.
113
Let s be (54/63)/((-15)/(-35)). Suppose 1 + 21 = 4*q + 3*b, -4*b = 4*q - 24. What is the greatest common factor of s and q?
2
Let u = -542 + 785. Let v be ((-40)/6)/((-6)/u). Calculate the highest common factor of 45 and v.
45
Let y(v) = 4*v**2 + v - 3. Let z = -9 - -3. Let c be y(z). Suppose 0 = -2*s - 3*s + 75. What is the greatest common factor of c and s?
15
Let z be ((-3)/(6/1))/((-5)/(-450)). Let v be 10/z + (-775)/(-45). Let p(w) = -w**2 - 12*w - 1. Let o be p(-7). Calculate the highest common factor of o and v.
17
Let a = -22349 + 22364. Let f be 238/2 - (-1 - 0). What is the highest common divisor of f and a?
15
Let o(k) = k**2 + 4*k - 7. Let a be o(-6). Let m = 6 - a. Let f be m + (2 - 4 - -73). What is the highest common factor of f and 8?
8
Let x be 20/1 + (4 - 1). Suppose 0*i - 159 = -4*i + 5*p, -148 = -3*i - 2*p. What is the greatest common factor of x and i?
23
Let i(x) = -7*x - 45. Let j be i(-6). Let u be (-20)/j*12/8. What is the greatest common factor of 20 and u?
10
Suppose -n + 0*n = 3*g - 11, 11 = g + 4*n. Let j be (60/g)/(2/3). What is the greatest common factor of 75 and j?
15
Suppose 3*l = 4*m + 466, 2*l + 4*m - 282 = 2. Let f be (l/(-9))/(2/(-9)). Calculate the greatest common factor of 25 and f.
25
Let j(n) = 36 - 4*n + 0*n + 5*n. Let c be j(0). Let f(t) = 93*t**2 - 2*t - 1. Let m be f(1). Calculate the greatest common divisor of c and m.
18
Suppose 118 = 4*z - 7*v + 5*v, z - 37 = 3*v. What is the highest common factor of z and 154?
14
Let w = -637 - -673. Calculate the highest common divisor of w and 1044.
36
Suppose 4*i - 26 = -10, 3*l - i = 176. Calculate the highest common factor of 45 and l.
15
Let b(q) = -q**2 - 7*q + 2. Let a be b(-4). What is the highest common factor of 1246 and a?
14
Let g be (-64)/9 + 13/117 + 67. What is the highest common divisor of 4740 and g?
60
Let q = -155 + 499. Calculate the greatest common divisor of q and 8.
8
Let a = 5 + -2. Let d(m) = -3*m + 2. Let b be d(1). Let y be (-6)/(((-1)/(-4))/b). Calculate the highest common factor of y and a.
3
Suppose 2*d - 144 = 2*k, -17*d + 22*d = -5*k + 360. What is the highest common factor of d and 48?
24
Let h be 35/14 + -1 + (-10)/(-4). Suppose -23 = -3*y - h*j, -5*j + 26 = y - 0*j. Suppose -3*a = 4 - 13. Calculate the highest common factor of y and a.
1
Let p be (15/(-9))/(4 + (-1300)/324). Calculate the highest common factor of 5 and p.
5
Let n(l) = -2*l**2 + 22*l + 21. Let d be n(11). Let m = 12 + d. Calculate the greatest common factor of 99 and m.
33
Suppose -4*w + 1096 = 4*k, 42 - 54 = -3*w. What is the highest common divisor of 70 and k?
10
Suppose s = -9 + 12. Suppose -292 = -s*i - z + 3*z, 4*z + 284 = 3*i. Calculate the highest common factor of i and 40.
20
Let y(x) = 2*x**3 + x**2 - 8*x - 4. Let k(h) = -h**3 - h**2 + 2*h + 3. Let b be k(0). Let t be y(b). Calculate the greatest common factor of 5 and t.
5
Let j = 63 - -89. What is the greatest common factor of 19 and j?
19
Suppose 0 = 196*y - 194*y - 34. What is the greatest common divisor of 187 and y?
17
Let t(q) = q**2 - 13*q + 34. Let m be t(10). Suppose 0 = 5*d + 3*o - 2*o - 48, -4*d + 24 = -m*o. What is the highest common factor of 36 and d?
9
Suppose -5*f - 10 = -25, -3*f = -4*o + 151. Calculate the greatest common divisor of 70 and o.
10
Let o(n) = 27*n + 27. Let k be o(7). What is the highest common factor of 16 and k?
8
Let g = 87 - 81. Let x(v) = 2*v**2 - 7*v - 7. Let f be x(g). Calculate the highest common factor of 92 and f.
23
Suppose -3*a = 6*x - 3575 - 5374, 0 = 4*x + 3*a - 5969. What is the highest common factor of 10 and x?
10
Let h(x) = 3*x**2 - 12*x + 12. Let s(f) = -f**2 - f. Let t(i) = -h(i) - 6*s(i). Let l be t(-10). Calculate the highest common divisor of l and 12.
12
Let z(u) be the second derivative of -14*u**3/3 + 7*u**2 + 22*u. Let x be z(0). Suppose -3*v = -0*v - 462. What is the greatest common divisor of x and v?
14
Let o = 17 + -23. Let r(x) = 2*x**2 - 5*x - 6. Let d be r(o). What is the greatest common factor of d and 12?
12
Let a = -1207 - -1309. What is the greatest common factor of 54 and a?
6
Let t be 37/((-333)/(-1350))*(-1)/(-3). Calculate the highest common factor of 925 and t.
25
Let i(t) be the second derivative of t**4/12 - 11*t**3/6 - 12*t**2 - 5*t. Let j be i(14). What is the greatest common divisor of 6 and j?
6
Let f be (-80)/(-30)*(-6)/(-4) - -3. Suppose -f + 0 = -r. What is the greatest common divisor of 56 and r?
7
Suppose -o = -3*w + 63, 5*o - 5 = -w - 0. Calculate the greatest common factor of w and 100.
20
Suppose -5 = -2*h + 1. Suppose -5*k + 15 = 0, -2*g = -4*k + 2*k - 36. Suppose -h*o + g = -12. Calculate the highest common factor of o and 55.
11
Let d(q) = -q**3 - 5*q**2 - 4*q + 10. Let l be d(-7). Let g(m) = 28*m - 67. Let j be g(3). What is the greatest common factor of j and l?
17
Let w = -16 + 22. Suppose w = 4*j - 10. Let s(u) = 5*u - 8. Let x be s(j). Calculate the highest common divisor of x and 30.
6
Suppose 12 = 4*r - 5*b + b, -r - 2*b + 9 = 0. Let v = 37 - 40. Let u(y) = 4*y**2 - 7*y - 12. Let a be u(v). What is the greatest common factor of r and a?
5
Let i(w) = 8*w**2 - 4*w - 26. Let s be i(-9). Suppose -s = -4*v - 250. Calculate the highest common factor of 34 and v.
34
Let b(f) = 2*f - 8. Let q be b(11). Let x = -9 + q. Let d(l) = 3*l**2 - 5*l + 4. Let o be d(x). What is the highest common factor of o and 18?
18
Let h be (-2)/4 + 645/30. Let g(p) = 38*p**2 + 2*p - 1. Let b be g(-2). What is the greatest common factor of b and h?
21
Let t = 4 - -1. Suppose 5*d - 3*d + 10 = 0. Let h(r) = -8*r - 15. Let q be h(d). What is the highest common factor of q and t?
5
Let q = 2952 + -2943. Let u = -42 + 114. Calculate the greatest common divisor of q and u.
9
Suppose 2*o = -4*h + 16, 4*o - h - 8 = 3*h. Let f = 499 - 487. What is the greatest common divisor of o and f?
4
Let y(q) = -q**3 + 6*q**2 - 6*q - 7. Let z be y(6). Let l = z - -93. Let i = -30 + l. Calculate the highest common factor of i and 140.
20
Suppose 1581*b + 198 = 1603*b. Let k be 251/4 + 1/4. Calculate the greatest common divisor of b and k.
9
Let l = -6 - 3. Let r be 190/16 - l/72. What is the highest common factor of 12 and r?
12
Let h(r) = r**3 - 30*r**2 + 30*r - 17. Let j be h(29). Calculate the highest common factor of j and 1452.
12
Let s(b) = 356*b - 80. Let g be s(3). What is the highest common divisor of 104 and g?
52
Let n = 464 + -41. What is the greatest common factor of 94 and n?
47
Let i = 140 - 7